30
Calculate (-13 - ((0 - -1) + -2)) + 4 + 0 + 1.
-7
What is the value of (-14 - (-13 - -1)) + (-23 - (-6 - -7))?
-26
Evaluate -97 + 1 - -39 - -7.
-50
Evaluate (-17 - -11) + 20 + -40.
-26
Evaluate (5 + 1 - -17) + -5 - (1 - -7).
10
What is the value of (17 + -21 + 15 - -6) + 57?
74
Calculate 110 + -26 + 4 + (9 - (-20 - -32)).
85
(24 - 6 - 11) + -14 + (1 - 60)
-66
Calculate (-1 - (-21 - (-21 + 1 - -10) - -5)) + -7.
-2
What is -29 + (-20 - (-7 + -29)) + -30?
-43
Calculate 3 + -33 + 21 + (-33 + 4 - -14).
-24
What is -8 + (8 - -3) + 67 + -80?
-10
(-46 - 1) + 3 - (-8 + (33 - 18) + -17)
-34
What is (9 - (-7 + 20)) + 6 + -1 + 212 + -154?
59
Calculate (2 - 13 - 5) + -9 + -5 + 19.
-11
Calculate (147 - 195) + 18 + -8.
-38
Calculate -14 + (4 - -21) + 0 + (2 - 14).
-1
Calculate (2 - 2 - -67) + 24 + -13 + -24.
54
(-24 - (2 + -130 - -31)) + 38
111
What is (-135 - -116 - 83) + (32 - -1)?
-69
What is the value of 6 + 612 + -630 + (15 - -1)?
4
What is -79 + 78 + (0 - -5 - 0) - 14?
-10
104 - (302 + (-143 - -37))
-92
Calculate 21 - ((54 - 55) + 5).
17
(-48 + 4 - -5) + (-513 - -500)
-52
What is -9 + -45 + 39 + 22?
7
Evaluate 0 - ((-8 + 4 - (-18 + 10)) + (-2 - -6)).
-8
-121 - (-130 - (124 - 269))
-136
Evaluate 160 + -141 + (1 - 0) - -33.
53
-56 - 1 - (1237 + -1244)
-50
Calculate 2 + 0 + 5 + (-1176 - -1179).
10
Calculate 41 - ((-20 - 33) + 85).
9
Evaluate -52 - (-4 - 1) - (9 - -11 - 41 - -11).
-37
Calculate -12 - -4 - ((5 - (0 - 8)) + -5).
-16
What is (31 - (-16 + -28 + -34)) + -5 + 3 + 0?
107
Evaluate -4 + (2 - (6 + (-7 - (-2 + -5)))).
-8
What is 3 - 5 - -7 - (11 - -48 - (17 - 21))?
-58
What is the value of -142 + 144 - 21 - (1 - 0)?
-20
Calculate 131 + -202 - (-6 + -10).
-55
Calculate -4 + (-1 - -11 - (127 + -114)) - 23.
-30
Calculate -24 + (-71 - -44 - -2).
-49
What is the value of 121 - ((-32 - -49) + -8 + 1 + 3 + -3)?
111
15 - (-6 + 20 - 9) - 13 - (32 - 1)
-34
Calculate (5 - 6) + 51 - (14 - (-1 - -5)) - 8.
32
What is the value of (-40 - 2) + (0 - 19 - (-75 + 66))?
-52
What is -26 + -3 - (-16 + -10 + 11)?
-14
Evaluate 14 - (-194 - -81) - 80.
47
What is 15 - (41 - (-45 + 38))?
-33
What is -8 - 0 - (-40 - (134 + -18 + -33))?
115
Calculate (-57 - 1) + (-229 + 230 - (10 - 3)).
-64
Calculate 30 - (137 + -57 + -105).
55
Evaluate -41 + 42 + (-79 - (7 + -42)).
-43
-123 + 29 - -31 - (-11 - -2)
-54
-45 - (-107 - (43 - 104))
1
Evaluate -12 - (-51 - 21 - -103).
-43
Calculate (4 + 28 - 3) + -426 + 436.
39
What is the value of -76 + 30 - -4 - -32?
-10
Evaluate -168 - -115 - (-77 + -14).
38
Evaluate -33 + (39 + -28 + 27 - -12).
17
Calculate 2 + (16 - (16 - 11)) - -20 - (8 + -1).
26
Evaluate 54 + (-47 - -2 - 53).
-44
What is the value of (0 + -19 - -1) + -2569 + 2563?
-24
Evaluate 7 + 28 + -3 + -7 + 58.
83
What is -20 - (4 + (14 - (-12 - -23)))?
-27
(152 - 148) + 16 + 50
70
Calculate -7 + -1 - (-45 + -20 + (-11 - -18)).
50
-41 + 13 - -93 - ((-3 - 1) + 12) - -1
58
Evaluate -157 - -54 - ((-3 - -11) + -30).
-81
Evaluate (7 - (-2 + 3 + 1 - -1)) + -4572 + 4546.
-22
What is -41 + (14 + -13 - (-22 - -40))?
-58
Calculate -10 + (-14 - -17) + 71 + (2 - 17 - -5).
54
Evaluate (15 - 37 - -131) + -92.
17
Evaluate -2 + (-6 + 16 - 13) - (0 + 35).
-40
1 + (-11 + -1 + 1 - (-74 - -67)) + 38
35
What is 23 + -65 + 35 + 48?
41
-1725 - -1796 - (26 - 1)
46
Calculate 51 + -60 + (-63 - -63).
-9
Calculate -5 + (19 + -5 - 6 - 0) - (9 + -5).
-1
What is 21 - -21 - -32 - 11 - (13 - -1)?
49
What is 17 - -16 - (13 - (-29 + 18))?
9
What is (-15 - (98 + -35)) + (-4 - 3) + (4 - 2)?
-83
Calculate 24 - (25 + -55) - (-6 - (0 + -18)).
42
What is 0 + -72 - ((63 - 31) + (-18 - 17))?
-69
What is the value of (-5 - (-6 - 1)) + (186 - 192)?
-4
Calculate -4 + (-3 + -10 + 1 + -122 - -7 - -3).
-128
What is (2 + 1 + (738 - 751) - 2) + 72?
60
What is 57 + ((28 - 22) + -21 - -4)?
46
What is (2 + 0 - 2) + (197 - 172 - 20)?
5
What is the value of (5 + -1 - (3 - -111)) + (40 - 1) + -43?
-114
Calculate -64 - (22 - 24) - -9 - 2.
-55
Calculate -28 + 0 + 74 + -80 + 2 + -7.
-39
Calculate -12 - (24 + -122 + -6 - (1 - -4)).
97
What is -873 + 863 - (-6 + (4 - (3 - 2)))?
-7
What is the value of 31 + (-7 + 9 - 0 - -9) - 11?
31
What is the value of 0 - 13 - 113 - (-295 + 298)?
-129
-7 + 4 + 0 + 4 + 1 - (17 - 67)
52
Calculate (4 - 13) + 9 + 21 + -15 + -39.
-33
60 - (46 - -13 - -5)
-4
Calculate 109 - 1 - (3646 - 3570).
32
What is -46 - (15 - 36) - (-5 + 5 - -18)?
-43
137 + (-4 + 0 - (30 + -34)) - (6 + 1)
130
What is the value of -38 - (8 + -6 + (-15 - (-11 - -1)) - 4)?
-31
Calculate 38 + -15 - -15 - 84.
-46
(-8 + 27 - 9 - (75 + -63)) + 9
7
-1 - ((38 - 86) + 41 + 83 + -2)
-75
What is the value of -1 - ((20 - -165) + -84)?
-102
Evaluate 40 - (11 - (24 + -4 + -36)).
13
(8 - ((-2 - 10) + -80)) + (13 - (9 + -6))
110
Evaluate 39 + -16 + -5 + 21 + -9.
30
(12 - -16) + 6 + (5 - -59)
98
Evaluate -17 + (-17 - -2 - (178 - 188)) + 13.
-9
What is -10 - (23 + 48 + -61)?
-20
What is the value of -8 + 4 - ((1 - 18) + -2 + (-66 - -24))?
57
Evaluate -40 + (-125 - -185) - (-4 - -78).
-54
What is (-3 - (25 + -6) - (5 + -8)) + 7?
-12
Calculate -3 - (101 - 37 - (-5 - -11)) - -11.
-50
Evaluate -9 + 14 - -7 - (-22 + 3 + -16 + 10).
37
(68 - 117) + 38 + 6 + 73
68
What is 2 + 9 - 95 - (-56 - (-70 + 34))?
-64
Evaluate -5 + 331 + -322 + 4 + (7 - 5).
10
Evaluate (0 + (1 - -4) - (12 - 27)) + 29 + -22.
27
What is the value of 45 - 89 - -13 - 9?
-40
What is (37 - (31 + 111) - -18) + 14?
-73
Evaluate -23 - (3 - (32 - (23 - 1))).
-16
What is the value of -433 + 354 + 17 + 1?
-61
Calculate (-45 + 52 - -115) + -101.
21
What is the value of 20 - ((43 - 7) + (-12 - 109))?
105
What is the value of 17 + -12 + (26 - (-2 - -6 - 8))?
35
467 + -472 + 3 + (21 - 4) + 1
16
Calculate 88 + -4 + 0 + -1 - (31 - (39 + -3)).
88
Evaluate 11 + 10 + 13 - 51.
-17
1 - -9 - (0 + 15 - (526 - 557))
-36
What is -44 + -3 + 0 + -21 + 3 + 19 + -6?
-52
Evaluate (-13 - -7) + (-2 - 28) + 54.
18
(-277 - -159) + 190 - ((-1 - (2 - 4)) + 0)
71
What is the value of (-2 - 53) + (-3 - 4) + 20 + -7?
-49
-1021 + 1074 - (1 + 11)
41
1 + 0 - 3 - ((69 - 32) + -73 - 54)
88
What is 9 + (19 + 18 - (9 - -3)) - (-1 - 1)?
36
What is (21 - (3 + 142)) + (22 - (46 + -24))?
-124
What is the value of 4 - (3 - 2 - -5) - (30 + 24)?
-56
Calculate (0 - (-3 + 2 + -2)) + 3 - (-264 + 232).
38
What is the value of -45 + (-46 - (-33 - 36))?
-22
Calculate 9 + (6 - (-37 - (-113 - 16))).
-77
What is the value of (-31 - -17) + 28 - (54 - 0)?
-40
Evaluate 40 + -1 + -15 + -20 + (-39 - -1).
-34
What is the value of -95 + 32 + 35 + 39?
11
Evaluate 5 - ((-15 - -26) + -7 - -11).
-10
-3 + -128 - (2550 + -2648)
-33
Evaluate 2 + 11 + 4 + (-25 - -108) + -22.
78
Evaluate (6 - 87) + (619 - 648).
-110
What is -3 + (9 - 2) - (-694 + 726)?
-28
What is 11 + 12 + -40 + 13 - (-2 + 4 + -44)?
38
Evaluate (-1383 - -1370) + 1 + 26.
14
-5 + (-12 - -11) - ((3 - 7) + -10)
8
What is the value of 75 - (1 + 12 - (-66 - (20 + -113)))?
89
Evaluate 11 + 0 + -20 + (10 - -2) + (3 - 8).
-2
What is (-37 - -52) + -9 + 2?
8
Calculate (-10 - (-1 + 5 - 1)) + -55 + 34 + 28.
-6
7 + 3 + 68 + 6 + 5 + -21
68
Evaluate -116 - (-19 + -1 + (104 - (18 + 62))).
-120
Evaluate (12 - 2) + -22 + 5 + 36 + 8.
37
What is the value of (-12 - (-10 - ((7 - 2) + -7))) + (3 - -6)?
5
Evaluate 6 + 32 - (-1 - (-27 + 25)).
37
What is the value of -2 - ((14 - 1) + 0 + (0 - -22))?
-37
Calculate (5 - 3 - 11) + (-168 - (-59 - (33 - 36))).
-121
What is the value of -28 + -3 + 1 - -24?
-6
What is the value of 86 - (144 - (-14 - 57))?
-129
Calculate 103 + (152 + -119 - (1 - -21)).
114
What is the value of -71 + 208 + (-63 - 6)?
68
Calculate (-2 - -2) + -19 - (-177 + 154 - -28).
-24
Evaluate -15 + (30 + -54 - (-180 - (6 + -10))).
137
Calculate (0 - (118 - -14)) + (-9 - -26) - -13.
-102
(38 + -61 - -43) + 28
48
What is (1589 - 1557) + 2 + -20 - (89 - (-1 + 1))?
-75
Calculate (-64 - -25) + -13 + 1.
-51
Calculate (6 - -4) + -6 + -2 - (16 + 32).
-46
41 + (-42 - (28 - -13))
-42
What is the value of (-68 + -2 - -2) + -140 + 69 + 63?
-76
9 - ((-15 - -22 - 26) + 38)
-10
Calculate -36 - (51 + (67 - 94)).
-60
Calculate (-55 - (-10 + -4)) + 53.
12
Calculate -252 + 111 - -41 - -44.
-56
Calculate 148 + -125 - (51 + 3).
-31
Evaluate (-132 - -149) + 14 + -7 + -51.
-27
Calculate -5 - 1 - ((-47 - 73) + 143).
-29
Calculate 96 - (3 + 